{"id":66,"date":"2020-03-27T11:05:39","date_gmt":"2020-03-27T11:05:39","guid":{"rendered":"http:\/\/wildfeder.de\/?page_id=66"},"modified":"2020-03-31T11:35:41","modified_gmt":"2020-03-31T11:35:41","slug":"mitgliedschaft","status":"publish","type":"page","link":"https:\/\/wildfeder.de\/?page_id=66","title":{"rendered":"Mitgliedschaft"},"content":{"rendered":"\t\t<div data-elementor-type=\"wp-page\" data-elementor-id=\"66\" class=\"elementor elementor-66\">\n\t\t\t\t\t\t<section class=\"elementor-section elementor-top-section elementor-element elementor-element-b9ac018 elementor-section-boxed elementor-section-height-default elementor-section-height-default\" data-id=\"b9ac018\" data-element_type=\"section\" data-e-type=\"section\">\n\t\t\t\t\t\t<div class=\"elementor-container elementor-column-gap-default\">\n\t\t\t\t\t<div class=\"elementor-column elementor-col-100 elementor-top-column elementor-element elementor-element-d288238\" data-id=\"d288238\" data-element_type=\"column\" data-e-type=\"column\">\n\t\t\t<div class=\"elementor-widget-wrap elementor-element-populated\">\n\t\t\t\t\t\t<div class=\"elementor-element elementor-element-dba450e elementor-widget elementor-widget-spacer\" data-id=\"dba450e\" data-element_type=\"widget\" data-e-type=\"widget\" data-widget_type=\"spacer.default\">\n\t\t\t\t<div class=\"elementor-widget-container\">\n\t\t\t\t\t\t\t<div class=\"elementor-spacer\">\n\t\t\t<div class=\"elementor-spacer-inner\"><\/div>\n\t\t<\/div>\n\t\t\t\t\t\t<\/div>\n\t\t\t\t<\/div>\n\t\t\t\t\t<\/div>\n\t\t<\/div>\n\t\t\t\t\t<\/div>\n\t\t<\/section>\n\t\t\t\t<section class=\"elementor-section elementor-top-section elementor-element elementor-element-c72c1a1 elementor-section-boxed elementor-section-height-default elementor-section-height-default\" data-id=\"c72c1a1\" data-element_type=\"section\" data-e-type=\"section\">\n\t\t\t\t\t\t<div class=\"elementor-container elementor-column-gap-default\">\n\t\t\t\t\t<div class=\"elementor-column elementor-col-100 elementor-top-column elementor-element elementor-element-7e0a12f\" data-id=\"7e0a12f\" data-element_type=\"column\" data-e-type=\"column\">\n\t\t\t<div class=\"elementor-widget-wrap elementor-element-populated\">\n\t\t\t\t\t\t<div class=\"elementor-element elementor-element-a8efc24 elementor-widget elementor-widget-text-editor\" data-id=\"a8efc24\" data-element_type=\"widget\" data-e-type=\"widget\" data-widget_type=\"text-editor.default\">\n\t\t\t\t<div class=\"elementor-widget-container\">\n\t\t\t\t\t\t\t\t\t<p><strong>Jahresbeitrag f\u00fcr<\/strong><\/p>\n<p><img decoding=\"async\" class=\"alignnone wp-image-59\" src=\"http:\/\/wildfeder.de\/wp-content\/uploads\/2020\/03\/feder-1.jpg\" alt=\"\" width=\"43\" height=\"20\"> Erwachsene 100 \u20ac<\/p>\n<p><img decoding=\"async\" class=\"alignnone wp-image-59\" src=\"http:\/\/wildfeder.de\/wp-content\/uploads\/2020\/03\/feder-1.jpg\" alt=\"\" width=\"43\" height=\"20\"> Studenten \/ Azubi bis 25 Jahre 50 \u20ac<\/p>\n<p><img decoding=\"async\" class=\"alignnone wp-image-59\" src=\"http:\/\/wildfeder.de\/wp-content\/uploads\/2020\/03\/feder-1.jpg\" alt=\"\" width=\"43\" height=\"20\"> Jugendliche \/ Sch\u00fcler bis 18 Jahre 25 \u20ac<\/p>\n<p><img decoding=\"async\" class=\"alignnone wp-image-59\" src=\"http:\/\/wildfeder.de\/wp-content\/uploads\/2020\/03\/feder-1.jpg\" alt=\"\" width=\"43\" height=\"20\"> Familien 170 \u20ac<\/p>\n<p><strong>Ballgeld<\/strong><\/p>\n<p>F\u00fcr 12 mal Anwesenheit ist ein Ballgeld in H\u00f6he von 45,00 EUR zu zahlen.<\/p>\n<p><strong>Eintrittserkl\u00e4rung:<\/strong><\/p>\t\t\t\t\t\t\t\t<\/div>\n\t\t\t\t<\/div>\n\t\t\t\t<div class=\"elementor-element elementor-element-30660aa elementor-widget elementor-widget-text-editor\" data-id=\"30660aa\" data-element_type=\"widget\" data-e-type=\"widget\" data-widget_type=\"text-editor.default\">\n\t\t\t\t<div class=\"elementor-widget-container\">\n\t\t\t\t\t\t\t\t\t<p>Formular: <a href=\"http:\/\/wildfeder.de\/wp-content\/uploads\/2020\/03\/Eintrittserkl\u00e4rung.pdf\">Eintrittserkl\u00e4rung<\/a><\/p>\t\t\t\t\t\t\t\t<\/div>\n\t\t\t\t<\/div>\n\t\t\t\t<div class=\"elementor-element elementor-element-48ae01a elementor-widget elementor-widget-spacer\" data-id=\"48ae01a\" data-element_type=\"widget\" data-e-type=\"widget\" data-widget_type=\"spacer.default\">\n\t\t\t\t<div class=\"elementor-widget-container\">\n\t\t\t\t\t\t\t<div class=\"elementor-spacer\">\n\t\t\t<div class=\"elementor-spacer-inner\"><\/div>\n\t\t<\/div>\n\t\t\t\t\t\t<\/div>\n\t\t\t\t<\/div>\n\t\t\t\t\t<\/div>\n\t\t<\/div>\n\t\t\t\t\t<\/div>\n\t\t<\/section>\n\t\t\t\t<\/div>\n\t\t","protected":false},"excerpt":{"rendered":"<p>Jahresbeitrag f\u00fcr Erwachsene 100 \u20ac Studenten \/ Azubi bis 25 Jahre 50 \u20ac Jugendliche \/ Sch\u00fcler bis 18 Jahre 25 \u20ac Familien 170 \u20ac Ballgeld F\u00fcr 12 mal Anwesenheit ist ein Ballgeld in H\u00f6he von 45,00 EUR zu zahlen. Eintrittserkl\u00e4rung: Formular: Eintrittserkl\u00e4rung<\/p>\n","protected":false},"author":1,"featured_media":0,"parent":0,"menu_order":0,"comment_status":"closed","ping_status":"closed","template":"","meta":{"footnotes":""},"class_list":["post-66","page","type-page","status-publish","hentry"],"_links":{"self":[{"href":"https:\/\/wildfeder.de\/index.php?rest_route=\/wp\/v2\/pages\/66","targetHints":{"allow":["GET"]}}],"collection":[{"href":"https:\/\/wildfeder.de\/index.php?rest_route=\/wp\/v2\/pages"}],"about":[{"href":"https:\/\/wildfeder.de\/index.php?rest_route=\/wp\/v2\/types\/page"}],"author":[{"embeddable":true,"href":"https:\/\/wildfeder.de\/index.php?rest_route=\/wp\/v2\/users\/1"}],"replies":[{"embeddable":true,"href":"https:\/\/wildfeder.de\/index.php?rest_route=%2Fwp%2Fv2%2Fcomments&post=66"}],"version-history":[{"count":19,"href":"https:\/\/wildfeder.de\/index.php?rest_route=\/wp\/v2\/pages\/66\/revisions"}],"predecessor-version":[{"id":153,"href":"https:\/\/wildfeder.de\/index.php?rest_route=\/wp\/v2\/pages\/66\/revisions\/153"}],"wp:attachment":[{"href":"https:\/\/wildfeder.de\/index.php?rest_route=%2Fwp%2Fv2%2Fmedia&parent=66"}],"curies":[{"name":"wp","href":"https:\/\/api.w.org\/{rel}","templated":true}]}}